*h = -12*h + 247. Let d = h + g. What is the tens digit of d?
3
Let o = -13315 - -24690. What is the hundreds digit of o?
3
Suppose -3*j + 20779 = -4*t, 4*j - 3*j - 6926 = t. What is the hundreds digit of j?
9
Let p(q) = -6*q**3 - q**2 + 2*q - 1. Let k be p(1). Let j be (-4 - 34/k)*3. Suppose -j*l - 80 = -6*l. What is the units digit of l?
0
Let y = -94 - -99. Suppose 141 = u - 2*d - 614, -1510 = -2*u - y*d. What is the units digit of u?
5
Suppose 0 = 4*l + i + 2, -l + 5*i = 2*i - 6. Suppose -5*j - 2*s + 5150 = 0, j - 2*s = -l*s + 1018. What is the units digit of j?
8
Let r be ((-70)/25 - -4)*20. Let a = r + -18. Suppose 795 = 11*j - a*j. What is the units digit of j?
9
Suppose 3*m = -26*m + 305722 + 239275. What is the hundreds digit of m?
7
Let z = -434 + 453. Suppose a + 5*c - 968 = 0, -14*a = -z*a - c + 4864. What is the units digit of a?
3
Suppose 4*q = 10*c - 5*c - 2500, -q + 4*c - 625 = 0. Let l = q + 1636. What is the hundreds digit of l?
0
Let q = -91 + 91. Let x(a) = 43*a + 1393. What is the tens digit of x(q)?
9
Let q = 105 + -85. Let r = 29 - q. What is the hundreds digit of (-3)/(-9) + -5*(-219)/r?
1
Suppose 15 = -3*x, -115 = -4*k - k - 4*x. Suppose -4*q + 7*s - k = 4*s, -4*s = -q + 3. Let j(u) = u**3 + 10*u**2 + 6*u + 11. What is the tens digit of j(q)?
3
Let y = -68 - -134. Let q be ((-5)/(-3) - 11/y)*2. Suppose q*g - 355 + 109 = 0. What is the tens digit of g?
8
What is the hundreds digit of 170756/22 + 636/1749?
7
Suppose -2*p = p + 153. Let j = 184 + p. What is the units digit of j?
3
What is the hundreds digit of (-19195088)/(-880) + 4/10?
8
Let x(i) = 62*i**2 + 488*i - 32. What is the ten thousands digit of x(-18)?
1
Let u be (-41 - -38)/(((-4)/(-34))/(-2)). Suppose -u + 315 = -a. Let v = a - -377. What is the hundreds digit of v?
1
Suppose 3*x = z - 0*z + 9, 2*z + 2*x = 14. Suppose z*f - h = -5*h + 1066, -3*f + 1091 = -h. What is the tens digit of f?
6
Suppose -4*u - i = 2*i - 633, 152 = u + 2*i. Suppose 0 = -u*k + 167*k - 2085. What is the units digit of k?
7
Let j be (-16)/((-480)/(-54))*(-5)/3. Suppose 4*q = 2*t - 4*t + 2242, -5*q = -j*t + 3352. What is the hundreds digit of t?
1
Let p(v) = 4*v**2 - 2*v - 16. Let k be p(9). Suppose 3*x + 269 = q, 4*x = -q - 0*x + k. What is the units digit of q?
8
Let b(d) be the first derivative of d**3/3 + 35*d**2/2 + 54*d + 293. What is the units digit of b(-52)?
8
Let z = 59269 + -22390. What is the thousands digit of z?
6
Suppose 11*w - 533 = -30*w. Suppose -d - r = -595, 17*d - w*d - 2416 = 5*r. What is the units digit of d?
9
Suppose -5*x + 922 - 242 = 0. Let j = 424 - x. Suppose 4*t = t + j. What is the units digit of t?
6
Let j = -43 - -22. Let o = j + 92. Let t = o + -50. What is the tens digit of t?
2
Suppose 0*n - 10*n = 10. What is the units digit of -1 - (-9*179/(-3))/n?
6
Suppose 4*t = -5*s + 1201, -4*s - 14 = -2. Let i = 9 + t. What is the hundreds digit of i?
3
Let l(t) = 784*t**2 + 33*t + 136. What is the hundreds digit of l(-4)?
5
Let k(n) = 18*n**3 - n**2 + 5*n - 4. Let c be k(2). Suppose x + 48 - c = 0. What is the units digit of x?
8
Let q(a) = a**2 + 9*a - 109. Let u be 1 + (-3)/(-3)*-36. What is the tens digit of q(u)?
0
Suppose 9 = 4*h - h, -146 = -5*f - 2*h. Let y = f - 40. What is the units digit of (-4)/(8/(-21))*y/(-9)?
4
Let r = 64 - 62. Suppose 0 = 4*v - r*v + 3*a - 491, 736 = 3*v + 4*a. Let k = -143 + v. What is the units digit of k?
1
Let b(d) = -3*d**2 + 4*d - 3. Let k be b(1). What is the tens digit of k/((-1)/(-418)*76/(-57))?
2
Let w be (4 - 3 - -3) + -20. Let b(a) = 2*a + 36. Let m be b(w). Suppose -m*u = -12*u + 624. What is the tens digit of u?
7
Let z = -12315 - -21400. What is the units digit of z?
5
Let k(l) = -33*l - 197. Let j be k(-6). Suppose 1552 = d - m, m = j - 5. What is the tens digit of d?
4
Suppose 0 = 5*x - 9*x + q + 67, 4*q - 74 = -3*x. Suppose -w + x = -74. Suppose -w - 20 = -a + 5*y, 0 = 4*y - 8. What is the hundreds digit of a?
1
Let l(q) = -79*q**2 + 5 + 0 + 2*q + 78*q**2 + q**3 - 2*q**3. Let c be l(0). Suppose -112 = -c*v + 38. What is the tens digit of v?
3
Suppose 0 = -5*q - 4*w + 289, 3*q - 4*w = 2*q + 77. Let a = 58 - q. What is the units digit of 6/9 - 4/a?
2
Let g = 1827 - 1820. Let r = 243 - 141. Suppose 563 = g*f - r. What is the tens digit of f?
9
Suppose 3*q - 56652 = 3*o, 17*q - 19*q + 4*o + 37760 = 0. What is the thousands digit of q?
8
Let r(d) = -d**3 - 20*d**2 - 87*d + 23. Let s be r(-13). Let i(p) = p**2 + 3*p - 161. What is the tens digit of i(s)?
9
Suppose -13*h + 9*h = -2840. Suppose 3*w = 5*b + 482 + h, 3*b + 15 = 0. What is the tens digit of w?
8
Let m(c) be the first derivative of c**4/4 - 6*c**3 - 6*c**2 + 5*c + 54. What is the hundreds digit of m(19)?
1
What is the units digit of (0/(-4) + (1 - -1))/(71/583336)?
2
Let x(s) = -13*s**3 - 26*s**2 - 8*s - 91. What is the units digit of x(-7)?
0
Let o(m) = -m**2 - 26*m - 28. Let n be o(-22). What is the hundreds digit of ((-75)/2)/(295/n - 5)?
4
Suppose 9*o + 33*o + 10*o - 113568 = 0. What is the thousands digit of o?
2
Suppose -5*i - 10*a + 67900 = -13*a, -3*a = -3*i + 40740. What is the thousands digit of i?
3
Suppose 30*w - 29*w - 2 = 0. What is the tens digit of 309456/240 - w/5?
8
Suppose 0 = -5*n + 28*n. Suppose n = -741*p + 750*p - 1791. What is the tens digit of p?
9
Suppose 21*w + 27894 = -5559. Let k = 2732 + w. What is the thousands digit of k?
1
Suppose -43*p = -40*p - 864. Suppose -2*m + p = -3*i + 46, 3*m - i = 370. What is the tens digit of m?
2
Let z(f) = -3*f**2 + 133*f + 67. What is the units digit of z(19)?
1
Let t(q) be the second derivative of q**4/2 - 23*q**3/6 - 119*q**2/2 + q - 16. What is the units digit of t(-5)?
6
Suppose 16*k - 84 = 4*k. Let x be (-2)/(-7) - 30/k. What is the tens digit of 33 + (-2 - x)/2?
3
Suppose 4*f + 22 = 2*l, 0 = 5*l - 4*f - 27 - 4. Suppose -15 = -6*d - l. Suppose -93 = -d*k - 23. What is the units digit of k?
5
Let j(v) = -v**2 + 19*v + 2. Let p(h) = -h**3 + 6*h**2 + 4*h - 9. Suppose 0 = 3*o + 2*o - 30. Let l be p(o). What is the tens digit of j(l)?
6
Let h(y) = 67*y**2 + 103*y - 3123. What is the units digit of h(23)?
9
Suppose -c - 4*l = -4608, -68*c + l + 13759 = -65*c. What is the tens digit of c?
8
Let x(u) = -u**3 + 10*u**2 - 8*u - 14. Let j be x(6). Let o be 42/14 + 2*-11. Let b = o + j. What is the tens digit of b?
6
Let c(h) = 2758*h + 1478. What is the tens digit of c(9)?
0
Let p(i) = -840*i + 4426. What is the units digit of p(-14)?
6
Let y(p) = -89*p - 18. Let u(o) = 62*o + 12. Let t(d) = -7*u(d) - 5*y(d). Suppose 3*j = 2*j + 4. What is the tens digit of t(j)?
5
Suppose -47*z + 9*z = -266. Suppose 2*r = 3*d - 2310, -4*d + 2709 + 367 = -4*r. Suppose 5*j = -2*c + d, -j + 160 = -z*c + 6*c. What is the units digit of j?
6
Let q(l) = 21*l + 5874. What is the hundreds digit of q(67)?
2
Suppose l + 1 = r - 0, -24 = -4*l - 3*r. Suppose -2 = l*w - 11. Suppose 0 = g - 2*n - 34, w*n - 7*n = -g + 28. What is the units digit of g?
0
Let w(c) = c**3 - c**2 + 1101. Let i be (-3)/2*(-116)/87 + -2. What is the units digit of w(i)?
1
Suppose 5*k + 3 = 18, 4*o = 5*k + 2337. Suppose 6*p = 4*u + 2*p - o, 3*p + 735 = 5*u. What is the hundreds digit of u?
1
Let u(m) = -m**3 + 52*m**2 - 187*m - 56. What is the units digit of u(35)?
4
Let g = 21 + -15. Suppose -g*z - 1818 = -9*z. Suppose 0 = -9*v + z + 555. What is the tens digit of v?
2
Suppose -6*u + 11864 = 4*i - 10*u, 4*u = -16. What is the tens digit of i?
6
Let q(w) be the second derivative of 11*w**4/12 + 8*w**3/3 - 35*w**2 + 23*w + 2. What is the tens digit of q(7)?
8
Let i(c) = 8*c - 13. Let g(w) = -2*w + 3. Let y(f) = -26*g(f) - 6*i(f). Let p be y(1). Suppose 3*k + 0*b - 4*b = 338, p*b + 8 = 0. What is the units digit of k?
0
Let o(h) be the first derivative of 34*h**2 - 41*h + 22. What is the hundreds digit of o(5)?
2
Let k = 330 - -975. Let j = k + -402. What is the hundreds digit of j?
9
Suppose -c - 14*c = -150225. What is the thousands digit of c?
0
Suppose -97*u + 91*u - 3096 = 0. Let b = u - -897. What is the tens digit of b?
8
Let t = -58 + 62. What is the units digit of ((-21648)/(-26))/t - 10/65?
8
Suppose 0 = f - q + 6, 4*f - 2*q + q = -15. What is the tens digit of -5 + 2 + f + 247 + -1?
4
Suppose 4*w - 4 = -2*y + 20, 26 = 3*y - 4*w. Suppose 7